{"id":1360,"date":"2021-01-03T13:08:42","date_gmt":"2021-01-03T16:08:42","guid":{"rendered":"https:\/\/highscopechile.cl\/sitio\/?post_type=product&#038;p=1360"},"modified":"2023-01-05T19:25:08","modified_gmt":"2023-01-05T22:25:08","slug":"letter-links-espanol","status":"publish","type":"product","link":"https:\/\/highscopechile.cl\/sitio\/producto\/letter-links-espanol\/","title":{"rendered":"Letter Links Espa\u00f1ol"},"content":{"rendered":"<p>[et_pb_section fb_built=\u00bb1&#8243; _builder_version=\u00bb3.22&#8243; custom_padding=\u00bb0px||||false|false\u00bb da_disable_devices=\u00bboff|off|off\u00bb da_is_popup=\u00bboff\u00bb da_exit_intent=\u00bboff\u00bb da_has_close=\u00bbon\u00bb da_alt_close=\u00bboff\u00bb da_dark_close=\u00bboff\u00bb da_not_modal=\u00bbon\u00bb da_is_singular=\u00bboff\u00bb da_with_loader=\u00bboff\u00bb da_has_shadow=\u00bbon\u00bb][et_pb_row _builder_version=\u00bb3.25&#8243; background_size=\u00bbinitial\u00bb background_position=\u00bbtop_left\u00bb background_repeat=\u00bbrepeat\u00bb width=\u00bb100%\u00bb custom_padding=\u00bb0px||0px||false|false\u00bb][et_pb_column type=\u00bb4_4&#8243; _builder_version=\u00bb3.25&#8243; custom_padding=\u00bb|||\u00bb custom_padding__hover=\u00bb|||\u00bb][et_pb_wc_cart_notice _builder_version=\u00bb3.0.47&#8243;][\/et_pb_wc_cart_notice][\/et_pb_column][\/et_pb_row][et_pb_row column_structure=\u00bb1_2,1_2&#8243; _builder_version=\u00bb3.25&#8243; background_size=\u00bbinitial\u00bb background_position=\u00bbtop_left\u00bb background_repeat=\u00bbrepeat\u00bb width=\u00bb100%\u00bb custom_padding=\u00bb0px||||false|false\u00bb][et_pb_column type=\u00bb1_2&#8243; _builder_version=\u00bb3.25&#8243; custom_padding=\u00bb|||\u00bb custom_padding__hover=\u00bb|||\u00bb][et_pb_wc_images _builder_version=\u00bb3.0.47&#8243;][\/et_pb_wc_images][\/et_pb_column][et_pb_column type=\u00bb1_2&#8243; _builder_version=\u00bb3.25&#8243; custom_padding=\u00bb|||\u00bb custom_padding__hover=\u00bb|||\u00bb][et_pb_wc_title _builder_version=\u00bb3.0.47&#8243;][\/et_pb_wc_title][et_pb_wc_price _builder_version=\u00bb3.0.47&#8243;][\/et_pb_wc_price][et_pb_wc_description _builder_version=\u00bb3.0.47&#8243;][\/et_pb_wc_description][et_pb_wc_add_to_cart _builder_version=\u00bb4.7.4&#8243; fields_background_color=\u00bb#a8a8a8&#8243; fields_font_size=\u00bb16px\u00bb][\/et_pb_wc_add_to_cart][\/et_pb_column][\/et_pb_row][et_pb_row _builder_version=\u00bb3.25&#8243; background_size=\u00bbinitial\u00bb background_position=\u00bbtop_left\u00bb background_repeat=\u00bbrepeat\u00bb width=\u00bb100%\u00bb][et_pb_column type=\u00bb4_4&#8243; _builder_version=\u00bb3.25&#8243; custom_padding=\u00bb|||\u00bb custom_padding__hover=\u00bb|||\u00bb][et_pb_wc_tabs _builder_version=\u00bb3.0.47&#8243;]\t\t\t\t\t[\/et_pb_wc_tabs][et_pb_wc_upsells _builder_version=\u00bb3.0.47&#8243;][\/et_pb_wc_upsells][et_pb_wc_related_products _builder_version=\u00bb3.0.47&#8243;][\/et_pb_wc_related_products][\/et_pb_column][\/et_pb_row][\/et_pb_section]<\/p>\n","protected":false},"excerpt":{"rendered":"","protected":false},"featured_media":1348,"comment_status":"closed","ping_status":"closed","template":"","meta":{"_et_pb_use_builder":"on","_et_pb_old_content":"Tenemos un fant\u00e1stico libro \u201cEnlaces de letras: Aprendizaje del alfabeto con los nombres de los ni\u00f1os\u201d este texto de HighScope Press proporciona informaci\u00f3n detallada que te ayudar\u00e1 a entender y utilizar el sistema de aprendizaje Enlaces de letras para reforzar el desarrollo inicial de la lectoescritura en ni\u00f1os peque\u00f1os.\r\n\r\nIndicados para todos los educadores de primera infancia, estos libros parten del inter\u00e9s natural que los ni\u00f1os tienen por aprender a escribir sus propios nombres. Este inter\u00e9s se convierte en el punto de partida para ense\u00f1arles a reconocer las letras, la correspondencia letra-sonido y la escritura de letras y palabras. Con este sistema de aprendizaje de los nombres, cada alumno recibe un enlace de letras presentado en dos partes: una etiqueta onom\u00e1stica y una imagen cuyo nombre tiene la misma letra y mismo sonido iniciales que los del nombre del ni\u00f1o. Empleando este sistema, los maestros pueden proponer actividades divertidas relacionadas con el principio alfab\u00e9tico, la conciencia fonol\u00f3gica, la noci\u00f3n de la palabra y el vocabulario. Las autoras de Enlaces de letras: Aprendizaje del alfabeto con los nombres de los ni\u00f1os son la Dra. Andrea DeBruin-Parecki, especializada en lectura y la escritora Mary Hohmann, quien trabaja en el desarrollo de curr\u00edculum para la primera infancia, y Christine Snyder.\r\n\r\nEstos libros contienen numerosos ejemplos de im\u00e1genes asociadas a letras que pueden aprovecharse para representar letras y sonidos. ","_et_gb_content_width":""},"product_brand":[],"product_cat":[16],"product_tag":[],"class_list":{"0":"post-1360","1":"product","2":"type-product","3":"status-publish","4":"has-post-thumbnail","6":"product_cat-libros-y-materiales","8":"first","9":"instock","10":"shipping-taxable","11":"purchasable","12":"product-type-simple"},"_links":{"self":[{"href":"https:\/\/highscopechile.cl\/sitio\/wp-json\/wp\/v2\/product\/1360","targetHints":{"allow":["GET"]}}],"collection":[{"href":"https:\/\/highscopechile.cl\/sitio\/wp-json\/wp\/v2\/product"}],"about":[{"href":"https:\/\/highscopechile.cl\/sitio\/wp-json\/wp\/v2\/types\/product"}],"replies":[{"embeddable":true,"href":"https:\/\/highscopechile.cl\/sitio\/wp-json\/wp\/v2\/comments?post=1360"}],"wp:featuredmedia":[{"embeddable":true,"href":"https:\/\/highscopechile.cl\/sitio\/wp-json\/wp\/v2\/media\/1348"}],"wp:attachment":[{"href":"https:\/\/highscopechile.cl\/sitio\/wp-json\/wp\/v2\/media?parent=1360"}],"wp:term":[{"taxonomy":"product_brand","embeddable":true,"href":"https:\/\/highscopechile.cl\/sitio\/wp-json\/wp\/v2\/product_brand?post=1360"},{"taxonomy":"product_cat","embeddable":true,"href":"https:\/\/highscopechile.cl\/sitio\/wp-json\/wp\/v2\/product_cat?post=1360"},{"taxonomy":"product_tag","embeddable":true,"href":"https:\/\/highscopechile.cl\/sitio\/wp-json\/wp\/v2\/product_tag?post=1360"}],"curies":[{"name":"wp","href":"https:\/\/api.w.org\/{rel}","templated":true}]}}